{"id":181,"date":"2024-09-10T14:07:29","date_gmt":"2024-09-10T14:07:29","guid":{"rendered":"https:\/\/rs-erkrath.de\/?page_id=181"},"modified":"2025-09-16T06:46:49","modified_gmt":"2025-09-16T05:46:49","slug":"schulsozialarbeit-mpt","status":"publish","type":"page","link":"https:\/\/rs-erkrath.de\/index.php\/schulsozialarbeit-mpt\/","title":{"rendered":"Schulsozialarbeit"},"content":{"rendered":"\n<div style=\"height:25px\" aria-hidden=\"true\" class=\"wp-block-spacer\"><\/div>\n\n\n\n<h2 class=\"wp-block-heading has-text-align-center\">Schulsozialarbeit<\/h2>\n\n\n\n<div style=\"height:35px\" aria-hidden=\"true\" class=\"wp-block-spacer\"><\/div>\n\n\n\n<div class=\"wp-block-group alignfull has-background has-global-padding is-layout-constrained wp-container-core-group-is-layout-669513ed wp-block-group-is-layout-constrained\" style=\"background-color:#30872659;margin-top:0;margin-bottom:0;padding-top:var(--wp--preset--spacing--50);padding-right:var(--wp--preset--spacing--50);padding-bottom:var(--wp--preset--spacing--50);padding-left:var(--wp--preset--spacing--50)\">\n<figure class=\"wp-block-image alignwide size-full\"><img loading=\"lazy\" decoding=\"async\" width=\"1170\" height=\"636\" src=\"https:\/\/rs-erkrath.de\/wp-content\/uploads\/2024\/09\/IMG-20240902-WA0001-1.jpg\" alt=\"\" class=\"wp-image-1036\" srcset=\"https:\/\/rs-erkrath.de\/wp-content\/uploads\/2024\/09\/IMG-20240902-WA0001-1.jpg 1170w, https:\/\/rs-erkrath.de\/wp-content\/uploads\/2024\/09\/IMG-20240902-WA0001-1-300x163.jpg 300w, https:\/\/rs-erkrath.de\/wp-content\/uploads\/2024\/09\/IMG-20240902-WA0001-1-1024x557.jpg 1024w, https:\/\/rs-erkrath.de\/wp-content\/uploads\/2024\/09\/IMG-20240902-WA0001-1-768x417.jpg 768w\" sizes=\"auto, (max-width: 1170px) 100vw, 1170px\" \/><\/figure>\n<\/div>\n\n\n\n<div class=\"wp-block-group alignfull has-base-2-background-color has-background has-global-padding is-layout-constrained wp-container-core-group-is-layout-796362d6 wp-block-group-is-layout-constrained\" style=\"margin-top:0;margin-bottom:0;padding-top:var(--wp--preset--spacing--40);padding-right:var(--wp--preset--spacing--50);padding-bottom:var(--wp--preset--spacing--40);padding-left:var(--wp--preset--spacing--50)\">\n<div style=\"height:30px\" aria-hidden=\"true\" class=\"wp-block-spacer\"><\/div>\n\n\n\n<p>Die Schulsozialarbeit ist ein <strong>freiwilliges, kostenloses und vertrauliches Angebot<\/strong>. Sie hat sowohl einen pr\u00e4ventiven als auch intervenierenden Auftrag und versteht sich an unserer Schule als Bindeglied zwischen Schule, Elternhaus und Jugendhilfe. Die Mitarbeitenden der Schulsozialarbeit stehen allen Sch\u00fcler*innen, Eltern sowie Lehrer*innen an der Realschule Erkrath zur Verf\u00fcgung. Ihre Kernangebote befinden sich im Bereich des \u201esozialen Umgangs miteinander\u201c.<\/p>\n\n\n\n<div style=\"height:37px\" aria-hidden=\"true\" class=\"wp-block-spacer\"><\/div>\n\n\n\n<p>Das bedarfsorientierte Angebot besteht u.a. aus:<\/p>\n\n\n\n<div style=\"height:10px\" aria-hidden=\"true\" class=\"wp-block-spacer\"><\/div>\n\n\n\n<ul class=\"wp-block-list\">\n<li>Sozialp\u00e4dagogische Gruppenarbeit in Form von Projekten je nach Bedarf (Schwerpunkt: Sport und Erlebnisp\u00e4dagogik)<\/li>\n\n\n\n<li>Beratung, Unterst\u00fctzung und Begleitung f\u00fcr Sch\u00fcler*innen, Lehrer*innen, Eltern<\/li>\n\n\n\n<li>Individuelle, l\u00f6sungsorientierte Einzelfallhilfe<\/li>\n\n\n\n<li>Begleitung in Konflikten \/ Erarbeitung von m\u00f6glichen Handlungs- und L\u00f6sungsstrategien, Projekte zum \u201esozialen Miteinander\u201c mit der ganzen Klasse<\/li>\n\n\n\n<li>Innerschulische und au\u00dferschulische Vernetzung und Gemeinwesenarbeit \u2013 Kooperationspartner \u00fcber die Grenzen des Kreises Mettmann hinaus<\/li>\n\n\n\n<li>Informationen und Vermittlung zu externen Einrichtungen \/ Fachstellen (Jugendhilfe u.a.)<\/li>\n\n\n\n<li>Vermittlung von Hilfsangeboten au\u00dferhalb der Schule<\/li>\n\n\n\n<li>Gestaltung von \u00dcberg\u00e4ngen von der Grundschule an die weiterf\u00fchrende Schule sowie von der Realschule an andere Schulformen<\/li>\n\n\n\n<li>Beratung bei der Beantragung von Leistungen des Bildungs- und Teilhabepaketes<\/li>\n\n\n\n<li>Beratung bei autismusspezifischen Themen<\/li>\n<\/ul>\n\n\n\n<div class=\"wp-block-group is-vertical is-content-justification-center is-layout-flex wp-container-core-group-is-layout-52b864f0 wp-block-group-is-layout-flex\">\n<div style=\"height:25px\" aria-hidden=\"true\" class=\"wp-block-spacer wp-container-content-c00f5982\"><\/div>\n\n\n\n<p>Die Schulsozialarbeiter*innen arbeiten eng mit dem Lehrerkollegium sowie der Schulleitung zusammen. Dennoch unterliegen sie der Schweigepflicht, so dass vertrauliche Informationen nur mit Zustimmung der Beteiligten weitergegeben werden.<\/p>\n<\/div>\n\n\n\n<div style=\"margin-top:0;margin-bottom:0;height:81px\" aria-hidden=\"true\" class=\"wp-block-spacer\"><\/div>\n\n\n\n<div style=\"height:0px\" aria-hidden=\"true\" class=\"wp-block-spacer\"><\/div>\n\n\n\n<div class=\"wp-block-columns alignwide is-layout-flex wp-container-core-columns-is-layout-d0bbbce0 wp-block-columns-is-layout-flex\">\n<div class=\"wp-block-column is-layout-flow wp-container-core-column-is-layout-e3d1c41b wp-block-column-is-layout-flow\">\n<figure class=\"wp-block-image size-full\"><img loading=\"lazy\" decoding=\"async\" width=\"398\" height=\"398\" src=\"https:\/\/rs-erkrath.de\/wp-content\/uploads\/2024\/09\/Image-2.jpg\" alt=\"\" class=\"wp-image-516\" srcset=\"https:\/\/rs-erkrath.de\/wp-content\/uploads\/2024\/09\/Image-2.jpg 398w, https:\/\/rs-erkrath.de\/wp-content\/uploads\/2024\/09\/Image-2-300x300.jpg 300w, https:\/\/rs-erkrath.de\/wp-content\/uploads\/2024\/09\/Image-2-150x150.jpg 150w\" sizes=\"auto, (max-width: 398px) 100vw, 398px\" \/><\/figure>\n\n\n\n<h3 class=\"wp-block-heading has-text-align-left is-style-default has-body-font-family has-medium-font-size\" style=\"font-style:normal;font-weight:600\">Denise Jakubat<\/h3>\n\n\n\n<p>d.jakubat@realschule-erkrath.de<\/p>\n\n\n\n<p class=\"has-text-align-left\">Tel: 0157 \/ 38307587<\/p>\n\n\n\n<div style=\"height:20px\" aria-hidden=\"true\" class=\"wp-block-spacer\"><\/div>\n<\/div>\n\n\n\n<div class=\"wp-block-column is-layout-flow wp-container-core-column-is-layout-e3d1c41b wp-block-column-is-layout-flow\">\n<figure class=\"wp-block-image size-full\"><img loading=\"lazy\" decoding=\"async\" width=\"398\" height=\"398\" src=\"https:\/\/rs-erkrath.de\/wp-content\/uploads\/2024\/09\/Attachment-1-1.png\" alt=\"\" class=\"wp-image-656\" srcset=\"https:\/\/rs-erkrath.de\/wp-content\/uploads\/2024\/09\/Attachment-1-1.png 398w, https:\/\/rs-erkrath.de\/wp-content\/uploads\/2024\/09\/Attachment-1-1-300x300.png 300w, https:\/\/rs-erkrath.de\/wp-content\/uploads\/2024\/09\/Attachment-1-1-150x150.png 150w\" sizes=\"auto, (max-width: 398px) 100vw, 398px\" \/><\/figure>\n\n\n\n<h3 class=\"wp-block-heading has-text-align-left is-style-default has-body-font-family has-medium-font-size\" style=\"font-style:normal;font-weight:600\">Louisa Stecher<\/h3>\n\n\n\n<p>l.stecher@realschule-erkrath.de<\/p>\n\n\n\n<p class=\"has-text-align-left\">Tel: 0155 \/ 60265202 (vor\u00fcbergehend nicht erreichbar)<\/p>\n\n\n\n<div style=\"height:20px\" aria-hidden=\"true\" class=\"wp-block-spacer\"><\/div>\n<\/div>\n\n\n\n<div class=\"wp-block-column is-layout-flow wp-container-core-column-is-layout-e3d1c41b wp-block-column-is-layout-flow\">\n<figure class=\"wp-block-image size-full\"><img loading=\"lazy\" decoding=\"async\" width=\"398\" height=\"398\" src=\"https:\/\/rs-erkrath.de\/wp-content\/uploads\/2024\/09\/IMG_3543.jpg\" alt=\"\" class=\"wp-image-934\" srcset=\"https:\/\/rs-erkrath.de\/wp-content\/uploads\/2024\/09\/IMG_3543.jpg 398w, https:\/\/rs-erkrath.de\/wp-content\/uploads\/2024\/09\/IMG_3543-300x300.jpg 300w, https:\/\/rs-erkrath.de\/wp-content\/uploads\/2024\/09\/IMG_3543-150x150.jpg 150w\" sizes=\"auto, (max-width: 398px) 100vw, 398px\" \/><\/figure>\n\n\n\n<h3 class=\"wp-block-heading has-text-align-left is-style-default has-body-font-family has-medium-font-size\" style=\"font-style:normal;font-weight:600\">Marcel Riep<\/h3>\n\n\n\n<p class=\"has-text-align-left\">m.riep@realschule-erkrath.de<\/p>\n\n\n\n<p>Tel: 0176 \/ 57827003<\/p>\n\n\n\n<div style=\"height:20px\" aria-hidden=\"true\" class=\"wp-block-spacer\"><\/div>\n<\/div>\n\n\n\n<div class=\"wp-block-column is-layout-flow wp-container-core-column-is-layout-e3d1c41b wp-block-column-is-layout-flow\">\n<figure class=\"wp-block-image size-full\"><img loading=\"lazy\" decoding=\"async\" width=\"398\" height=\"398\" src=\"https:\/\/rs-erkrath.de\/wp-content\/uploads\/2024\/09\/Image-4-1.jpeg\" alt=\"\" class=\"wp-image-554\" srcset=\"https:\/\/rs-erkrath.de\/wp-content\/uploads\/2024\/09\/Image-4-1.jpeg 398w, https:\/\/rs-erkrath.de\/wp-content\/uploads\/2024\/09\/Image-4-1-300x300.jpeg 300w, https:\/\/rs-erkrath.de\/wp-content\/uploads\/2024\/09\/Image-4-1-150x150.jpeg 150w\" sizes=\"auto, (max-width: 398px) 100vw, 398px\" \/><\/figure>\n\n\n\n<h3 class=\"wp-block-heading has-text-align-left is-style-default has-body-font-family has-medium-font-size\" style=\"font-style:normal;font-weight:600\">Nathalie J\u00fcntgen<\/h3>\n\n\n\n<p class=\"has-text-align-left\">n.juentgen@realschule-erkrath.de<\/p>\n\n\n\n<p>Tel: 0160 \/ 92331365<\/p>\n\n\n\n<div style=\"height:20px\" aria-hidden=\"true\" class=\"wp-block-spacer\"><\/div>\n<\/div>\n<\/div>\n<\/div>\n","protected":false},"excerpt":{"rendered":"<p>Schulsozialarbeit Die Schulsozialarbeit ist ein freiwilliges, kostenloses und vertrauliches Angebot. Sie hat sowohl einen pr\u00e4ventiven als auch intervenierenden Auftrag und versteht sich an unserer Schule als Bindeglied zwischen Schule, Elternhaus [&hellip;]<\/p>\n","protected":false},"author":2,"featured_media":0,"parent":0,"menu_order":0,"comment_status":"closed","ping_status":"closed","template":"","meta":{"_price":"","_stock":"","_tribe_ticket_header":"","_tribe_default_ticket_provider":"","_tribe_ticket_capacity":"0","_ticket_start_date":"","_ticket_end_date":"","_tribe_ticket_show_description":"","_tribe_ticket_show_not_going":false,"_tribe_ticket_use_global_stock":"","_tribe_ticket_global_stock_level":"","_global_stock_mode":"","_global_stock_cap":"","_tribe_rsvp_for_event":"","_tribe_ticket_going_count":"","_tribe_ticket_not_going_count":"","_tribe_tickets_list":"[]","_tribe_ticket_has_attendee_info_fields":false,"_EventAllDay":false,"_EventTimezone":"","_EventStartDate":"","_EventEndDate":"","_EventStartDateUTC":"","_EventEndDateUTC":"","_EventShowMap":false,"_EventShowMapLink":false,"_EventURL":"","_EventCost":"","_EventCostDescription":"","_EventCurrencySymbol":"","_EventCurrencyCode":"","_EventCurrencyPosition":"","_EventDateTimeSeparator":"","_EventTimeRangeSeparator":"","_EventOrganizerID":[],"_EventVenueID":[],"_OrganizerEmail":"","_OrganizerPhone":"","_OrganizerWebsite":"","_VenueAddress":"","_VenueCity":"","_VenueCountry":"","_VenueProvince":"","_VenueState":"","_VenueZip":"","_VenuePhone":"","_VenueURL":"","_VenueStateProvince":"","_VenueLat":"","_VenueLng":"","_VenueShowMap":false,"_VenueShowMapLink":false,"_mc_calendar":[],"footnotes":"","_tec_slr_enabled":"","_tec_slr_layout":""},"class_list":["post-181","page","type-page","status-publish","hentry"],"ticketed":false,"_links":{"self":[{"href":"https:\/\/rs-erkrath.de\/index.php\/wp-json\/wp\/v2\/pages\/181","targetHints":{"allow":["GET"]}}],"collection":[{"href":"https:\/\/rs-erkrath.de\/index.php\/wp-json\/wp\/v2\/pages"}],"about":[{"href":"https:\/\/rs-erkrath.de\/index.php\/wp-json\/wp\/v2\/types\/page"}],"author":[{"embeddable":true,"href":"https:\/\/rs-erkrath.de\/index.php\/wp-json\/wp\/v2\/users\/2"}],"replies":[{"embeddable":true,"href":"https:\/\/rs-erkrath.de\/index.php\/wp-json\/wp\/v2\/comments?post=181"}],"version-history":[{"count":30,"href":"https:\/\/rs-erkrath.de\/index.php\/wp-json\/wp\/v2\/pages\/181\/revisions"}],"predecessor-version":[{"id":2200,"href":"https:\/\/rs-erkrath.de\/index.php\/wp-json\/wp\/v2\/pages\/181\/revisions\/2200"}],"wp:attachment":[{"href":"https:\/\/rs-erkrath.de\/index.php\/wp-json\/wp\/v2\/media?parent=181"}],"curies":[{"name":"wp","href":"https:\/\/api.w.org\/{rel}","templated":true}]}}

<div style="height:25px" aria-hidden="true" class="wp-block-spacer"></div>



<h2 class="wp-block-heading has-text-align-center">Schulsozialarbeit</h2>



<div style="height:35px" aria-hidden="true" class="wp-block-spacer"></div>



<div class="wp-block-group alignfull has-background has-global-padding is-layout-constrained wp-container-core-group-is-layout-669513ed wp-block-group-is-layout-constrained" style="background-color:#30872659;margin-top:0;margin-bottom:0;padding-top:var(--wp--preset--spacing--50);padding-right:var(--wp--preset--spacing--50);padding-bottom:var(--wp--preset--spacing--50);padding-left:var(--wp--preset--spacing--50)">
<figure class="wp-block-image alignwide size-full"><img loading="lazy" decoding="async" width="1170" height="636" src="https://rs-erkrath.de/wp-content/uploads/2024/09/IMG-20240902-WA0001-1.jpg" alt="" class="wp-image-1036" srcset="https://rs-erkrath.de/wp-content/uploads/2024/09/IMG-20240902-WA0001-1.jpg 1170w, https://rs-erkrath.de/wp-content/uploads/2024/09/IMG-20240902-WA0001-1-300x163.jpg 300w, https://rs-erkrath.de/wp-content/uploads/2024/09/IMG-20240902-WA0001-1-1024x557.jpg 1024w, https://rs-erkrath.de/wp-content/uploads/2024/09/IMG-20240902-WA0001-1-768x417.jpg 768w" sizes="auto, (max-width: 1170px) 100vw, 1170px" /></figure>
</div>



<div class="wp-block-group alignfull has-base-2-background-color has-background has-global-padding is-layout-constrained wp-container-core-group-is-layout-796362d6 wp-block-group-is-layout-constrained" style="margin-top:0;margin-bottom:0;padding-top:var(--wp--preset--spacing--40);padding-right:var(--wp--preset--spacing--50);padding-bottom:var(--wp--preset--spacing--40);padding-left:var(--wp--preset--spacing--50)">
<div style="height:30px" aria-hidden="true" class="wp-block-spacer"></div>



<p>Die Schulsozialarbeit ist ein <strong>freiwilliges, kostenloses und vertrauliches Angebot</strong>. Sie hat sowohl einen präventiven als auch intervenierenden Auftrag und versteht sich an unserer Schule als Bindeglied zwischen Schule, Elternhaus und Jugendhilfe. Die Mitarbeitenden der Schulsozialarbeit stehen allen Schüler*innen, Eltern sowie Lehrer*innen an der Realschule Erkrath zur Verfügung. Ihre Kernangebote befinden sich im Bereich des „sozialen Umgangs miteinander“.</p>



<div style="height:37px" aria-hidden="true" class="wp-block-spacer"></div>



<p>Das bedarfsorientierte Angebot besteht u.a. aus:</p>



<div style="height:10px" aria-hidden="true" class="wp-block-spacer"></div>



<ul class="wp-block-list">
<li>Sozialpädagogische Gruppenarbeit in Form von Projekten je nach Bedarf (Schwerpunkt: Sport und Erlebnispädagogik)</li>



<li>Beratung, Unterstützung und Begleitung für Schüler*innen, Lehrer*innen, Eltern</li>



<li>Individuelle, lösungsorientierte Einzelfallhilfe</li>



<li>Begleitung in Konflikten / Erarbeitung von möglichen Handlungs- und Lösungsstrategien, Projekte zum „sozialen Miteinander“ mit der ganzen Klasse</li>



<li>Innerschulische und außerschulische Vernetzung und Gemeinwesenarbeit – Kooperationspartner über die Grenzen des Kreises Mettmann hinaus</li>



<li>Informationen und Vermittlung zu externen Einrichtungen / Fachstellen (Jugendhilfe u.a.)</li>



<li>Vermittlung von Hilfsangeboten außerhalb der Schule</li>



<li>Gestaltung von Übergängen von der Grundschule an die weiterführende Schule sowie von der Realschule an andere Schulformen</li>



<li>Beratung bei der Beantragung von Leistungen des Bildungs- und Teilhabepaketes</li>



<li>Beratung bei autismusspezifischen Themen</li>
</ul>



<div class="wp-block-group is-vertical is-content-justification-center is-layout-flex wp-container-core-group-is-layout-52b864f0 wp-block-group-is-layout-flex">
<div style="height:25px" aria-hidden="true" class="wp-block-spacer wp-container-content-c00f5982"></div>



<p>Die Schulsozialarbeiter*innen arbeiten eng mit dem Lehrerkollegium sowie der Schulleitung zusammen. Dennoch unterliegen sie der Schweigepflicht, so dass vertrauliche Informationen nur mit Zustimmung der Beteiligten weitergegeben werden.</p>
</div>



<div style="margin-top:0;margin-bottom:0;height:81px" aria-hidden="true" class="wp-block-spacer"></div>



<div style="height:0px" aria-hidden="true" class="wp-block-spacer"></div>



<div class="wp-block-columns alignwide is-layout-flex wp-container-core-columns-is-layout-d0bbbce0 wp-block-columns-is-layout-flex">
<div class="wp-block-column is-layout-flow wp-container-core-column-is-layout-e3d1c41b wp-block-column-is-layout-flow">
<figure class="wp-block-image size-full"><img loading="lazy" decoding="async" width="398" height="398" src="https://rs-erkrath.de/wp-content/uploads/2024/09/Image-2.jpg" alt="" class="wp-image-516" srcset="https://rs-erkrath.de/wp-content/uploads/2024/09/Image-2.jpg 398w, https://rs-erkrath.de/wp-content/uploads/2024/09/Image-2-300x300.jpg 300w, https://rs-erkrath.de/wp-content/uploads/2024/09/Image-2-150x150.jpg 150w" sizes="auto, (max-width: 398px) 100vw, 398px" /></figure>



<h3 class="wp-block-heading has-text-align-left is-style-default has-body-font-family has-medium-font-size" style="font-style:normal;font-weight:600">Denise Jakubat</h3>



<p>d.jakubat@realschule-erkrath.de</p>



<p class="has-text-align-left">Tel: 0157 / 38307587</p>



<div style="height:20px" aria-hidden="true" class="wp-block-spacer"></div>
</div>



<div class="wp-block-column is-layout-flow wp-container-core-column-is-layout-e3d1c41b wp-block-column-is-layout-flow">
<figure class="wp-block-image size-full"><img loading="lazy" decoding="async" width="398" height="398" src="https://rs-erkrath.de/wp-content/uploads/2024/09/Attachment-1-1.png" alt="" class="wp-image-656" srcset="https://rs-erkrath.de/wp-content/uploads/2024/09/Attachment-1-1.png 398w, https://rs-erkrath.de/wp-content/uploads/2024/09/Attachment-1-1-300x300.png 300w, https://rs-erkrath.de/wp-content/uploads/2024/09/Attachment-1-1-150x150.png 150w" sizes="auto, (max-width: 398px) 100vw, 398px" /></figure>



<h3 class="wp-block-heading has-text-align-left is-style-default has-body-font-family has-medium-font-size" style="font-style:normal;font-weight:600">Louisa Stecher</h3>



<p>l.stecher@realschule-erkrath.de</p>



<p class="has-text-align-left">Tel: 0155 / 60265202 (vorübergehend nicht erreichbar)</p>



<div style="height:20px" aria-hidden="true" class="wp-block-spacer"></div>
</div>



<div class="wp-block-column is-layout-flow wp-container-core-column-is-layout-e3d1c41b wp-block-column-is-layout-flow">
<figure class="wp-block-image size-full"><img loading="lazy" decoding="async" width="398" height="398" src="https://rs-erkrath.de/wp-content/uploads/2024/09/IMG_3543.jpg" alt="" class="wp-image-934" srcset="https://rs-erkrath.de/wp-content/uploads/2024/09/IMG_3543.jpg 398w, https://rs-erkrath.de/wp-content/uploads/2024/09/IMG_3543-300x300.jpg 300w, https://rs-erkrath.de/wp-content/uploads/2024/09/IMG_3543-150x150.jpg 150w" sizes="auto, (max-width: 398px) 100vw, 398px" /></figure>



<h3 class="wp-block-heading has-text-align-left is-style-default has-body-font-family has-medium-font-size" style="font-style:normal;font-weight:600">Marcel Riep</h3>



<p class="has-text-align-left">m.riep@realschule-erkrath.de</p>



<p>Tel: 0176 / 57827003</p>



<div style="height:20px" aria-hidden="true" class="wp-block-spacer"></div>
</div>



<div class="wp-block-column is-layout-flow wp-container-core-column-is-layout-e3d1c41b wp-block-column-is-layout-flow">
<figure class="wp-block-image size-full"><img loading="lazy" decoding="async" width="398" height="398" src="https://rs-erkrath.de/wp-content/uploads/2024/09/Image-4-1.jpeg" alt="" class="wp-image-554" srcset="https://rs-erkrath.de/wp-content/uploads/2024/09/Image-4-1.jpeg 398w, https://rs-erkrath.de/wp-content/uploads/2024/09/Image-4-1-300x300.jpeg 300w, https://rs-erkrath.de/wp-content/uploads/2024/09/Image-4-1-150x150.jpeg 150w" sizes="auto, (max-width: 398px) 100vw, 398px" /></figure>



<h3 class="wp-block-heading has-text-align-left is-style-default has-body-font-family has-medium-font-size" style="font-style:normal;font-weight:600">Nathalie Jüntgen</h3>



<p class="has-text-align-left">n.juentgen@realschule-erkrath.de</p>



<p>Tel: 0160 / 92331365</p>



<div style="height:20px" aria-hidden="true" class="wp-block-spacer"></div>
</div>
</div>
</div>

<p>Schulsozialarbeit Die Schulsozialarbeit ist ein freiwilliges, kostenloses und vertrauliches Angebot. Sie hat sowohl einen präventiven als auch intervenierenden Auftrag und versteht sich an unserer Schule als Bindeglied zwischen Schule, Elternhaus [&hellip;]</p>
