{"id":172,"date":"2024-11-14T21:47:39","date_gmt":"2024-11-14T21:47:39","guid":{"rendered":"https:\/\/rs-erkrath.de\/?page_id=172"},"modified":"2024-11-15T07:32:09","modified_gmt":"2024-11-15T06:32:09","slug":"mietfachleihe","status":"publish","type":"page","link":"https:\/\/rs-erkrath.de\/index.php\/mietfachleihe\/","title":{"rendered":"Mietfachleihe"},"content":{"rendered":"\n<div style=\"height:25px\" aria-hidden=\"true\" class=\"wp-block-spacer\"><\/div>\n\n\n\n<h2 class=\"wp-block-heading has-text-align-center\">Mietfachleihe<\/h2>\n\n\n\n<div style=\"height:25px\" aria-hidden=\"true\" class=\"wp-block-spacer\"><\/div>\n\n\n\n<div class=\"wp-block-group alignfull has-background has-global-padding is-layout-constrained wp-container-core-group-is-layout-ca038469 wp-block-group-is-layout-constrained\" style=\"background-color:#0b6fb380;margin-top:0;margin-bottom:0;padding-top:var(--wp--preset--spacing--50);padding-right:var(--wp--preset--spacing--40);padding-bottom:var(--wp--preset--spacing--50);padding-left:var(--wp--preset--spacing--40)\">\n<div class=\"wp-block-columns alignwide is-layout-flex wp-container-core-columns-is-layout-1da03c2a wp-block-columns-is-layout-flex\">\n<div class=\"wp-block-column is-vertically-aligned-stretch is-layout-flow wp-block-column-is-layout-flow\" style=\"flex-basis:50%\">\n<div style=\"height:7px\" aria-hidden=\"true\" class=\"wp-block-spacer\"><\/div>\n\n\n\n<p class=\"has-contrast-color has-text-color has-link-color wp-elements-ca6a6d77a1913a87c82d36981256f5bb\">Durch astradirect Schlie\u00dff\u00e4cher GmBH k\u00f6nnen sich Sch\u00fcler*innen ein eigenes Mietfach im Schulgeb\u00e4ude mieten. <\/p>\n\n\n\n<p class=\"has-contrast-color has-text-color has-link-color wp-elements-714cb2320c31a0977fe4e3c9f091b443 wp-container-content-9cfa9a5a\">So l\u00e4sst sich Privates, schweres Schulmaterial, Sportzeug und anderes in der Schule verstauen und muss nicht mit nach Hause getragen werden &#8211; sofern es nicht f\u00fcr Hausaufgaben n\u00f6tig ist.<\/p>\n\n\n\n<p class=\"has-contrast-color has-text-color has-link-color wp-elements-a6f1b979c21a7a81111e86b25acd7e21\">Die Miete und der Support l\u00e4uft ausschlie\u00dflich \u00fcber das Serviceportal des Unternehmens. Kontaktinformationen finden sich sonst auch auf der Webseite oder unten. <\/p>\n\n\n\n<div style=\"height:20px\" aria-hidden=\"true\" class=\"wp-block-spacer\"><\/div>\n\n\n\n<p>Alle wichtigen Infos zur Ausleihe und den Konditionen findet man hier:<\/p>\n\n\n\n<div class=\"wp-block-buttons is-layout-flex wp-block-buttons-is-layout-flex\">\n<div class=\"wp-block-button has-custom-width wp-block-button__width-100 has-custom-font-size is-style-outline has-medium-font-size is-style-outline--1\"><a class=\"wp-block-button__link has-contrast-color has-text-color has-background no-border-radius wp-element-button\" href=\"https:\/\/www.astradirect.de\" style=\"background-color:#0b6fb300\">Schlie\u00dffach mieten<\/a><\/div>\n<\/div>\n<\/div>\n\n\n\n<div class=\"wp-block-column is-vertically-aligned-center is-layout-flow wp-block-column-is-layout-flow\" style=\"flex-basis:50%\">\n<figure class=\"wp-block-image aligncenter size-large is-resized is-style-default wp-duotone-duotone-1\"><img loading=\"lazy\" decoding=\"async\" width=\"1291\" height=\"1722\" src=\"https:\/\/rs-erkrath.de\/wp-content\/uploads\/2024\/09\/thumbnail_IMG_8560-edited.jpg\" alt=\"\" class=\"wp-image-395\" style=\"aspect-ratio:0.75;object-fit:cover;width:497px;height:auto\" srcset=\"https:\/\/rs-erkrath.de\/wp-content\/uploads\/2024\/09\/thumbnail_IMG_8560-edited.jpg 1291w, https:\/\/rs-erkrath.de\/wp-content\/uploads\/2024\/09\/thumbnail_IMG_8560-edited-225x300.jpg 225w, https:\/\/rs-erkrath.de\/wp-content\/uploads\/2024\/09\/thumbnail_IMG_8560-edited-768x1024.jpg 768w, https:\/\/rs-erkrath.de\/wp-content\/uploads\/2024\/09\/thumbnail_IMG_8560-edited-1152x1536.jpg 1152w\" sizes=\"auto, (max-width: 1291px) 100vw, 1291px\" \/><\/figure>\n<\/div>\n<\/div>\n<\/div>\n\n\n\n<div class=\"wp-block-group alignfull has-base-background-color has-background has-global-padding is-layout-constrained wp-container-core-group-is-layout-b9940f7e wp-block-group-is-layout-constrained\" style=\"margin-top:0;margin-bottom:0;padding-top:var(--wp--preset--spacing--50);padding-right:var(--wp--preset--spacing--40);padding-bottom:var(--wp--preset--spacing--50);padding-left:var(--wp--preset--spacing--40)\">\n<div class=\"wp-block-columns alignwide is-layout-flex wp-container-core-columns-is-layout-1da03c2a wp-block-columns-is-layout-flex\">\n<div class=\"wp-block-column is-vertically-aligned-center is-layout-flow wp-block-column-is-layout-flow\" style=\"flex-basis:60%\">\n<figure class=\"wp-block-image aligncenter size-full is-resized is-style-default wp-duotone-duotone-1\"><img loading=\"lazy\" decoding=\"async\" width=\"1440\" height=\"1920\" src=\"https:\/\/rs-erkrath.de\/wp-content\/uploads\/2024\/09\/thumbnail_IMG_8561.jpg\" alt=\"\" class=\"wp-image-399\" style=\"aspect-ratio:1.3333333333333333;object-fit:cover;width:595px;height:auto\" srcset=\"https:\/\/rs-erkrath.de\/wp-content\/uploads\/2024\/09\/thumbnail_IMG_8561.jpg 1440w, https:\/\/rs-erkrath.de\/wp-content\/uploads\/2024\/09\/thumbnail_IMG_8561-225x300.jpg 225w, https:\/\/rs-erkrath.de\/wp-content\/uploads\/2024\/09\/thumbnail_IMG_8561-768x1024.jpg 768w, https:\/\/rs-erkrath.de\/wp-content\/uploads\/2024\/09\/thumbnail_IMG_8561-1152x1536.jpg 1152w\" sizes=\"auto, (max-width: 1440px) 100vw, 1440px\" \/><\/figure>\n<\/div>\n\n\n\n<div class=\"wp-block-column is-layout-flow wp-block-column-is-layout-flow\" style=\"flex-basis:40%\">\n<div style=\"height:21px\" aria-hidden=\"true\" class=\"wp-block-spacer\"><\/div>\n\n\n\n<h2 class=\"wp-block-heading\" style=\"font-size:clamp(18.959px, 1.185rem + ((1vw - 3.2px) * 1.416), 30px);\"><strong>astradirect Schlie\u00dff\u00e4cher GmbH<\/strong><\/h2>\n\n\n\n<p>Dudenstr. 44, 68167 Mannheim<\/p>\n\n\n\n<p>Tel: 0621 \/ 1247680<\/p>\n\n\n\n<p>Mail: email@astradirect.de<\/p>\n<\/div>\n<\/div>\n<\/div>\n","protected":false},"excerpt":{"rendered":"<p>Mietfachleihe Durch astradirect Schlie\u00dff\u00e4cher GmBH k\u00f6nnen sich Sch\u00fcler*innen ein eigenes Mietfach im Schulgeb\u00e4ude mieten. So l\u00e4sst sich Privates, schweres Schulmaterial, Sportzeug und anderes in der Schule verstauen und muss nicht [&hellip;]<\/p>\n","protected":false},"author":2,"featured_media":0,"parent":0,"menu_order":0,"comment_status":"closed","ping_status":"closed","template":"","meta":{"_price":"","_stock":"","_tribe_ticket_header":"","_tribe_default_ticket_provider":"","_tribe_ticket_capacity":"0","_ticket_start_date":"","_ticket_end_date":"","_tribe_ticket_show_description":"","_tribe_ticket_show_not_going":false,"_tribe_ticket_use_global_stock":"","_tribe_ticket_global_stock_level":"","_global_stock_mode":"","_global_stock_cap":"","_tribe_rsvp_for_event":"","_tribe_ticket_going_count":"","_tribe_ticket_not_going_count":"","_tribe_tickets_list":"[]","_tribe_ticket_has_attendee_info_fields":false,"_EventAllDay":false,"_EventTimezone":"","_EventStartDate":"","_EventEndDate":"","_EventStartDateUTC":"","_EventEndDateUTC":"","_EventShowMap":false,"_EventShowMapLink":false,"_EventURL":"","_EventCost":"","_EventCostDescription":"","_EventCurrencySymbol":"","_EventCurrencyCode":"","_EventCurrencyPosition":"","_EventDateTimeSeparator":"","_EventTimeRangeSeparator":"","_EventOrganizerID":[],"_EventVenueID":[],"_OrganizerEmail":"","_OrganizerPhone":"","_OrganizerWebsite":"","_VenueAddress":"","_VenueCity":"","_VenueCountry":"","_VenueProvince":"","_VenueState":"","_VenueZip":"","_VenuePhone":"","_VenueURL":"","_VenueStateProvince":"","_VenueLat":"","_VenueLng":"","_VenueShowMap":false,"_VenueShowMapLink":false,"_mc_calendar":[],"footnotes":"","_tec_slr_enabled":"","_tec_slr_layout":""},"class_list":["post-172","page","type-page","status-publish","hentry"],"ticketed":false,"_links":{"self":[{"href":"https:\/\/rs-erkrath.de\/index.php\/wp-json\/wp\/v2\/pages\/172","targetHints":{"allow":["GET"]}}],"collection":[{"href":"https:\/\/rs-erkrath.de\/index.php\/wp-json\/wp\/v2\/pages"}],"about":[{"href":"https:\/\/rs-erkrath.de\/index.php\/wp-json\/wp\/v2\/types\/page"}],"author":[{"embeddable":true,"href":"https:\/\/rs-erkrath.de\/index.php\/wp-json\/wp\/v2\/users\/2"}],"replies":[{"embeddable":true,"href":"https:\/\/rs-erkrath.de\/index.php\/wp-json\/wp\/v2\/comments?post=172"}],"version-history":[{"count":31,"href":"https:\/\/rs-erkrath.de\/index.php\/wp-json\/wp\/v2\/pages\/172\/revisions"}],"predecessor-version":[{"id":1702,"href":"https:\/\/rs-erkrath.de\/index.php\/wp-json\/wp\/v2\/pages\/172\/revisions\/1702"}],"wp:attachment":[{"href":"https:\/\/rs-erkrath.de\/index.php\/wp-json\/wp\/v2\/media?parent=172"}],"curies":[{"name":"wp","href":"https:\/\/api.w.org\/{rel}","templated":true}]}}